 digit of (-24)/(-60) - o/(-10)?
2
Let x be (528/30)/(4/10). What is the units digit of (1/(1/x))/((-11)/(-88))?
2
Suppose x + 4*x = 1800. Suppose 12 = -131*k + 135*k. Suppose 2*v - 618 = -5*p + v, k*v = 3*p - x. What is the units digit of p?
3
What is the hundreds digit of 239882/15 + 23/((-7935)/46)?
9
Suppose -2*a - 2*c + 1108 = 0, -417 = -a + 2*c + 131. Let s be a/16 - 2/(-4). Let h = s + 32. What is the units digit of h?
7
Let l = -18 + 18. Suppose -s + 6*s = l. Suppose s = 13*u - 8*u - 280. What is the tens digit of u?
5
Suppose -271*i = -172*i - 2381346. What is the hundreds digit of i?
0
Let y be 1*(-3)/((-9)/30). Let a(u) = -3*u**3 - 5*u**2 + 23*u - 8. Let k be a(-6). Suppose -y*w + k = -3*w. What is the units digit of w?
6
Suppose 2*p + g = 6152, 0 = -4*p + 4*g - 0*g + 12292. Suppose -p = -18*w + 5871. What is the tens digit of w?
9
Let t(i) = i**2 + 11*i - 8. Let o be t(-12). What is the units digit of (o + -9)*-9 + -2?
3
Let l be 476/(-35) - 2/5. Let r = 20 + l. Suppose 39 = 4*b + j - r*j, 33 = 3*b - 3*j. What is the units digit of b?
6
Suppose 5*o = -2*z - 21, 5*z + 16 = -5*o - 14. What is the units digit of (-7396)/(-8) - o/(-2)?
3
Let m(i) be the second derivative of 14*i + 0 + 4*i**2 + 1/20*i**5 + 0*i**3 + 1/2*i**4. What is the units digit of m(-6)?
8
Suppose 36*a - 27*a = 9351. What is the thousands digit of a?
1
Let z be 64/(-16)*(-10)/4. Suppose z*f = 18*f - 1704. What is the units digit of f?
3
Suppose 58 = -2*f + 4*s, -4*f - 37 - 90 = 3*s. Let v(c) = -c**2 - 42*c - 61. What is the units digit of v(f)?
0
Suppose 43 = 11*c - 12. Suppose c*n - 378 = -9*n. What is the units digit of n?
7
Let m(a) = a**2 - 18*a + 40. Let q be m(15). Let o(d) = -d + 118. What is the hundreds digit of o(q)?
1
Let u(s) = -11 + 21 - 15 - 34*s. Let h be (-10)/(-5) - 6*6/9. What is the tens digit of u(h)?
6
Let i be (8 + -9)/(1 + 6/(-7)). Let r = -5 - i. Suppose 283 = r*y + 55. What is the tens digit of y?
1
Suppose 3*m - 9*m + 72 = 0. Suppose -m*p + 5*p = -4725. What is the units digit of p?
5
Suppose -3*g - 12 = -4*x, -4*x = -g - 0 - 12. Let l(v) = -5 + v**3 + 2 + 8*v**x + 7*v**2 - 8*v**3 - 8*v. What is the tens digit of l(-6)?
8
Let z be -3 + 3/3 + 3. Let h(p) = p**2 - 3*p + 3*p**2 + 2 - 9*p**3 + 41*p**3 + 44*p**3. What is the tens digit of h(z)?
7
Suppose -16*w + 864841 - 94369 = 8*w. What is the thousands digit of w?
2
What is the ten thousands digit of ((-330870)/50)/(42/(-10) + 6 + -2)?
3
Let j(x) = x**3 + 2*x**3 - 11*x - 7*x + 8 - 4*x**2 + 8*x. What is the units digit of j(4)?
6
Let o(j) = 34*j**2 + 25*j + 90. What is the units digit of o(-12)?
6
Suppose 0 = k - 0*d - 3*d - 802, -d + 3234 = 4*k. Suppose 55 = -33*x + 44*x. Suppose -p - k = -x*p. What is the hundreds digit of p?
2
Suppose -3*b + 1058 = -b - 4*k, 5*k - 20 = 0. Suppose -b = -5*g + 16*o - 13*o, 2*o = 5*g - 538. What is the units digit of g?
8
Let b = 861 - 861. Suppose -y = -3*f - 65, b = 9*f - 5*f + 16. What is the tens digit of y?
5
Let z(g) = g**2 - g + 5. Suppose -a - 3 = -3*i - 12, 12 = 3*a - 4*i. Let h be z(a). Suppose -h*f + 6*f = 35. What is the tens digit of f?
3
Let s = -6 - -11. Let v be ((-128)/(-6))/(-4)*-12. Suppose s*p = 6 + v. What is the tens digit of p?
1
Suppose 496*m - 426*m - 2716280 = 0. What is the units digit of m?
4
Let p = 75 - 80. Let t be (0 - (p - -2))*534. Suppose 6*m - t + 462 = 0. What is the hundreds digit of m?
1
Suppose 3*l - 5*g - 3663 = 0, 1221 = l - 10*g + 14*g. What is the units digit of l?
1
Suppose -8*q + 82*q - 10865 = 26949. What is the tens digit of q?
1
Suppose -7*r + 3*r = 0. Suppose -2072 = -4*f + 3*j, r = -4*f + 2*j + 1347 + 721. What is the units digit of f?
5
What is the units digit of (3*49)/((-51)/(-425))?
5
Suppose u = 2*u + 2*u. Let x be (-5)/(-2)*6*(-3)/(-45). What is the units digit of x - (-102 - (4 - u))?
7
Let n = 26678 - 16911. What is the tens digit of n?
6
Let g(v) = 645*v + 116. What is the units digit of g(15)?
1
What is the units digit of 15300 - (10 + (-260)/10)?
6
Suppose -3*s - 3875 = -5*a, -21*s + 26*s + 2309 = 3*a. Suppose -2*k + 5*j + 382 = -k, 2*k - 3*j - a = 0. What is the units digit of k?
2
Let s = 35 - 25. Suppose 5*y + s = 2*o + 2*o, -26 = -4*o - 3*y. What is the tens digit of (o/(10/(-292)))/(-2)?
7
Let h(r) = -3*r + 11. Let a be h(0). Suppose 0 = -6*w + a*w - 15. Suppose -w*b - 4*f = -304, 4*b - 4*f - 408 = -12. What is the tens digit of b?
0
Let x(l) = l**3 - 8*l**2 - l + 8. Let p be x(8). What is the thousands digit of 1020 - (3 + -4 + p)?
1
Suppose -20 = -2*d - 4*y, -3*d + 9 = 5*y - 22. What is the tens digit of ((-6684)/16)/(-3) + 9/d?
4
Let m be (-232)/(-6)*27/18. Let t be (5 - 1)/(4/m). Suppose 11*c = 13*c - t. What is the tens digit of c?
2
Let m(s) = 3*s - 8. Let b be 6/4 - 28/(-8). Let d be m(b). What is the units digit of 112/(-49) + 2 + 226/d?
2
Suppose b + 5*y - 26 = 2*y, -2*y + 36 = 2*b. Suppose b*k - 645 = 13*k. Suppose 19 + k = 4*g. What is the tens digit of g?
6
Let i(r) = 1087*r + 83. What is the units digit of i(5)?
8
Suppose -30 = 1210*q - 1215*q, 0 = -4*s + 4*q + 109376. What is the thousands digit of s?
7
Let g = 15008 - -6375. What is the ten thousands digit of g?
2
Let k(a) = 14*a**2 - 4*a + 23. Let d be k(5). What is the hundreds digit of 1*d + 18 + -13 + -5?
3
Suppose 22 = -3*n - 2*c, 14 = -3*n + n - c. Let u(k) = -k**3 - 6*k**2 + 7*k - 5. Let i be u(n). Let s = 93 + i. What is the units digit of s?
6
Let w(a) = -32*a - 13. Let u be w(-8). Suppose -2*f - 3*g = 3*f - u, -5*g - 224 = -4*f. Suppose f - 332 = -2*t - r, -r = -t + 136. What is the tens digit of t?
3
Let p = -872 + 905. Suppose 4*l = 16, 30*s + 3*l = p*s - 3651. What is the hundreds digit of s?
2
Suppose 32*k + 58230 = -7626. Let d = k - -3543. What is the thousands digit of d?
1
Let p be ((-40)/(-25))/((-14)/(-10) - 1). Suppose -2*f = t - 4 + 1, -2*f - p*t = 12. What is the units digit of ((f/(-6))/2)/((-1)/54)?
8
Let b = -7685 + 8592. What is the hundreds digit of b?
9
Let y be 3 + 67 + 4 + 2. Suppose 5*l - y + 2903 = 4*o, l = 5*o - 3539. What is the units digit of o?
8
Let k(i) = -2*i - 6. Let o be k(-5). Suppose 12 = 4*t - o*u, 3*t + t - u = 3. What is the units digit of (t - -3)*1 + (2 - -88)?
3
Let r = 36 - 33. Let u(o) = 2*o**2 - 4*o + 7. Let z be u(r). Suppose 0 = -z*m + 19*m - 756. What is the tens digit of m?
2
Suppose 3*u = -s - 0*s + 220, 3*s = -4*u + 285. Let y = 84 - u. Let p(c) = -c**3 + 11*c**2 - 2*c - 22. What is the tens digit of p(y)?
2
Let y(w) = 79*w**2 - 178*w + 709. What is the thousands digit of y(4)?
1
Let d = 10679 - 2997. What is the tens digit of d?
8
Suppose -3*r + r = 5*y - 393, -2*y - r = -157. What is the hundreds digit of y*5 - (11 - (-81)/(-9))?
3
Let z be (1 + 1 - 2) + -19. Let g(n) = n**3 + 11*n**2 + 20*n + 52. Let l be g(-8). Let r = z + l. What is the units digit of r?
5
Let r(a) = -2*a**2 - 24 + 5*a**2 - 22*a + a**2 - 2*a**2. Let u be r(12). Suppose 3*s + 467 = 7*s + 5*j, u = -4*s + 2*j + 474. What is the tens digit of s?
1
Let i = 28 - -7130. What is the units digit of i?
8
Suppose -10*q = -289 + 269. Suppose -5*v = -p - 752, -v - v + p = -302. Suppose 4*n = -f + 47, q*f + v = 7*f + 3*n. What is the units digit of f?
7
What is the ten thousands digit of 15/(-10)*(2782934/(-21))/11?
1
Let b = -6180 - -18841. What is the units digit of b?
1
Let l(p) = 23*p**2 + 30*p - 84. Let w be l(3). Let x = w - -698. What is the hundreds digit of x?
9
Suppose 147*k - 73671 - 193116 + 84213 = 0. What is the thousands digit of k?
1
Let h be (48/(-72))/(4/(-4926)). Suppose -2*b + 4105 = 5*l, 0*b = l + b - h. What is the hundreds digit of l?
8
Let f be 4 + ((-18)/(-4))/((-13)/(-130)). Suppose -56*v + 3528 = -f*v. What is the units digit of v?
4
Suppose -41069 = -2*g - 4*j + 9*j, 5*j + 102680 = 5*g. What is the tens digit of g?
3
Let u be (9/27 - 1)*(-3)/2. What is the units digit of 733 + u/2*-4?
1
Suppose 0 = -25*q + 28*q - 12. Suppose -2341 = -5*p + q*n, p = 2*n - 91 + 558. What is the tens digit of p?
6
Let z(h) be the second derivative of h**4/6 + h**3/2 + 3*h**2/2 + 3*h. Let f be z(-1). What is the units digit of (9996/20)/7 - f/5?
1
Suppose 3*h + 14 = 4*h - l, -4*h + 3*l = -59. Suppose -h*p + 1990 = -15741. What is the tens digit of p?
4
Suppose -n + 3466 = -5*i, 338 = -n + i + 3792. Wha